ose 3*d = i - 8, -d + 4*i - 2*i - 6 = 0. Determine b(d).
0
Suppose -5*j + 2*n + 0*n + 4 = 0, -2*j - 3*n + 13 = 0. Let z(l) = -2*l**2 - l. Determine z(j).
-10
Let n(f) = 7*f**2 - 2*f - 5. Let a(u) = -u**2 + u + 1. Let y(q) = -6*a(q) - n(q). Give y(-5).
-6
Suppose 5 = -3*o - 2*o. Let b(h) be the second derivative of -h**3/6 + h. What is b(o)?
1
Suppose -2*f = -5*l + 8 + 7, 0 = -3*l + 9. Let y be f + (-1 + 0 - -2). Let v(w) = -5 + 4 - w - y. Give v(-4).
2
Let f(r) = -r - 4. Let x(v) = 3*v + 2*v + 1 - 2*v. Let c be x(5). Suppose -c = 5*l - 2*y, -4*l + 4*y - 4 = -l. What is f(l)?
0
Let v(d) = -d**2 + 8*d + 3. Let j be v(8). Let z(s) = s**3 - 2*s**2 - 5*s + 3. Give z(j).
-3
Let m(g) be the third derivative of g**7/840 - g**6/72 + g**5/30 - g**4/6 + g**3/3 + g**2. Let f(r) be the first derivative of m(r). What is f(4)?
-4
Suppose 3*u = f + 3, -u = -2*f - 4*u - 15. Let k(z) = z + 8. Calculate k(f).
2
Let b(z) = 4*z - 5. Let n be b(2). Let t(q) = q**3 - 3*q**2 + 2*q + 4. Determine t(n).
10
Let g(y) = -9*y**3 + 15*y**2 + 8*y + 5. Let x(d) = 5*d**3 - 8*d**2 - 4*d - 2. Let s(m) = 4*g(m) + 7*x(m). Suppose 2*o = -4*r + o + 20, 0 = -o. Calculate s(r).
1
Suppose -2*d - 3*q + 17 = 2*q, 5 = -d + 2*q. Let t(v) = 6*v**2 - v. Calculate t(d).
5
Suppose -4*b - 8 = -d - 7*b, -d - 2*b = -8. Let y(j) = 12 - j + d*j + j**2 - 5. Determine y(-6).
1
Let x(b) = -3*b + 7*b + 3*b - 7 - b**2. Let t = -1 - -7. Calculate x(t).
-1
Suppose r + 5 - 8 = 0. Let v(i) = -2*i**2 + 4*i - 1. What is v(r)?
-7
Let s(y) = y**2 - 4*y + 6. Let c(l) = l**3 - 6*l**2 + 6*l - 3. Let f be c(4). Let t = f - -15. Calculate s(t).
6
Let k(w) be the second derivative of w + 1/12*w**4 + 0 + 7/2*w**2 + w**3. Determine k(-5).
2
Let g(x) = 10*x**3 + 0 + 2 - x**3 - 4*x**2 - 8*x**3. Give g(4).
2
Let k(r) be the second derivative of -r**5/20 + r**4/2 - 5*r**3/6 - r**2/2 - 35*r. Determine k(5).
-1
Let r = 42 - 46. Let v(t) be the second derivative of 0 - t - 5/6*t**3 + 3/2*t**2 - 1/12*t**4. Give v(r).
7
Let k(n) = n**2 + n + 1. Let j(f) = -f**3 + 8*f**2 + 6. Let g(r) = -j(r) + 3*k(r). Give g(5).
12
Let f(h) be the first derivative of -3/2*h**2 + 0*h - 4 + 1/10*h**5 - 1/120*h**6 - 5/24*h**4 + 0*h**3. Let n(r) be the second derivative of f(r). What is n(5)?
0
Let q(f) = -8*f + 17*f + 4 - 8*f - 7 + f**2. Calculate q(0).
-3
Let y(j) be the third derivative of j**5/60 - j**4/8 - j**3/3 - 67*j**2 - 1. Give y(5).
8
Let f(c) = -4*c**2 + 2*c**3 - 3*c - 3*c**3 + 4*c**2 + 8 - 5*c**2 - 6. Let u = -7 + 3. What is f(u)?
-2
Let w = 61 + -51. Let c(z) = -z + 5. What is c(w)?
-5
Let m be (-8)/(-3) - 2/3. Let t(g) be the first derivative of 7*g + 1/2*g**2 + m. Determine t(-3).
4
Let u be 30/8 + 1/4. Let w = -5 + u. Let f(p) = -3*p**3 - 2*p**2 - 2*p + 3. Let z(a) = -1. Let b(g) = w*f(g) - 4*z(g). Give b(-1).
-2
Let s(t) be the second derivative of -t**4/12 - 5*t**3/6 - t**2/2 - t. Let a be (-1 + (4 - 2))*-4. Determine s(a).
3
Let q = -3 - -8. Suppose 0 = -3*t - 3*p + 8 + 10, -q*p - 10 = -5*t. Let y(l) = l**3 - 3*l**2 - 5*l + 3. Determine y(t).
-1
Let o(t) be the third derivative of 0 - 1/4*t**4 + 0*t + 4*t**2 + 1/2*t**3 + 1/60*t**5. Calculate o(5).
-2
Let d be 1/((-2)/12*-2). Suppose -n + 4*v - 8 = 0, 3*n + n - d*v = 7. Let f(u) = 2*u**2 - u**3 + 1 + 3*u**2 + 2*u - u**2. Determine f(n).
9
Let k(u) be the second derivative of u**3/3 - 5*u**2/2 + 5*u. Let l = 9 - 5. Suppose -a = 3*z - 0*z + 10, -l*a + 45 = -5*z. What is k(a)?
5
Let j(v) = -v**2 - 6. Suppose 0*i + 3*w = 3*i - 15, -i + 3 = w. Suppose 0 = -2*q - 0*q - 16. Let l be (-2)/q - 1/i. Determine j(l).
-6
Let y(v) be the third derivative of v**5/60 + v**4/4 - v**3/3 - 21*v**2. Give y(-6).
-2
Suppose 0 = 6*o - 3*o - 6. Let m(p) = 2*p**3 - 4*p**2 + 2*p. Give m(o).
4
Let c(i) = -i**3 + 4*i**2 - 2. Let y be 2 + -1 - -29 - -2. Suppose -u = u - y. Suppose -k + u = 3*k. Determine c(k).
-2
Let x(z) = -z + 1. Let i(n) = 6*n - 1. Let r(v) = -i(v) - 5*x(v). Let k be r(-10). Let w = k + -7. Let j(u) = 3*u**2 - 2*u - 1. Calculate j(w).
4
Let j(q) = 6*q - 5. Let x(l) = -5*l + 4. Let h(a) = 4*j(a) + 5*x(a). What is h(-2)?
2
Let r(w) = 7 + w**3 - 39*w**2 - w - 4*w + 43*w**2. Give r(-5).
7
Let g(n) be the first derivative of -3*n**2 - 2*n + 1. Let o(q) = q. Let j(h) = g(h) + 4*o(h). Give j(-3).
4
Suppose -2*i - 2 = -8. Suppose 4 = -n + 12. Suppose -i*o = -5*o + n. Let k(p) = -p**3 + 3*p**2 + 2*p + 1. What is k(o)?
-7
Let u(b) = -2*b + 1. Let c(y) = -2*y + 11. Let z be 0/((-3)/(1 + -4)). Suppose i - 4*i + 24 = z. Let t be c(i). Give u(t).
11
Let r(f) = f**3 + 6*f**2 + 3*f - 6. Suppose 3*g - 6*g - 21 = -2*c, -4*c + 9 = 5*g. Let u = 1 - c. Determine r(u).
4
Let w(a) = -a**3 + 2 - a**2 - 13*a - a - 14*a**2 + 3. Let f be w(-14). Let o(c) = c**2 - 8*c + 5. Give o(f).
-10
Suppose 5*i + 29 = 2*t, -2*t - 2*i = i + 11. Suppose t*k + 7 = 27. Suppose -k = -b - b. Let l(w) = -w + 7. What is l(b)?
2
Let c be ((-10)/(-40))/((-2)/(-40)). Suppose -y + o + 5 = -3, c*y - 31 = 2*o. Let w(a) = a - 4. Give w(y).
1
Let a(q) = 1. Let m(x) = 4*x + 7. Let h(w) = 5*w + 8. Let u(n) = 3*h(n) - 4*m(n). Let t(b) = 4*a(b) + u(b). What is t(4)?
-4
Let s(r) = 7*r. Let g = 10 + -16. Let p(b) = -b. Let c(t) = g*p(t) - s(t). Determine c(-1).
1
Suppose -h - 30 = -4*h. Suppose 0 = 5*i + 7 - 32. Let k = h - i. Let j(p) = -p**3 + 5*p**2 + 6. Determine j(k).
6
Let f(z) = -z**3 - 6*z**2 + 7*z + 1. Let b be f(-7). Let s(y) = -3*y + y - y + 0*y. What is s(b)?
-3
Let n = -7 - -10. Let w(d) = -d**2 - d**3 - 3*d**2 - 2 + 2*d**2 - n*d. What is w(-2)?
4
Suppose 4*d = -12, q + 4*q - d = 13. Let g(x) = -2*x**2 - 5*x + x**q - 2 - 4. Suppose -h + 6 = -2*p, -1 = -2*p - 11. Give g(h).
-2
Let o(s) = -s**2 - 6*s - 7. Let a(k) = -3*k**2 - 17*k - 20. Let z(w) = 4*a(w) - 11*o(w). Let m be z(-2). Let v(y) = 2*y - 2. Determine v(m).
-8
Suppose 8 - 4 = j. Let x(z) = z - 2. What is x(j)?
2
Let v(d) = 4 - 3*d + 13*d - 9*d. Let p be -2 - (-5 + 1)/2. Calculate v(p).
4
Let x(k) be the first derivative of k**4/8 - k**3/2 + k**2 + 2. Let v(c) be the second derivative of x(c). Give v(2).
3
Let a(y) = -2*y + 2. Suppose -8 = 4*o + 4. What is a(o)?
8
Suppose -2*d - 2 = 2*n, 2*d - 4 = -4*n + 2. Let g(h) be the first derivative of -1/2*h**2 + 3*h - 1. Calculate g(n).
-1
Let g be -1 + 1 - (-4 - -1). Suppose -g*u - 2*z + 2 - 10 = 0, u - 12 = 3*z. Let i(f) = -5*f + u*f + 6*f. Calculate i(-3).
-3
Suppose 3*r = 2*r - 5*n + 2, 3*n = 0. Let i(m) = -m**2 - 2 + r*m - 2*m. Let u(s) = -3*s**2 - 3*s. Let z be u(-1). Determine i(z).
-2
Let y(a) be the third derivative of a**6/120 - a**5/20 - 5*a**4/24 - a**3/6 - 7*a**2. Let g be (-6 + 0)/(3/(-2)). Give y(g).
-5
Suppose 1 = p - 2. Let g(i) = 0 - 5*i + 4 - 4*i**2 + i**p - 5. Suppose 0 = -x - 3*z - 4, -5*x - 5*z + 2*z + 16 = 0. Calculate g(x).
-1
Let l = 2 - -5. Suppose 0 = -l*v + 3*v - 20. Let a(z) be the third derivative of -z**4/24 - 2*z**3/3 - 8*z**2. Determine a(v).
1
Let f(v) = -2*v + 6. Let k(j) = -j**2 - 9*j - 3. Let d be k(-8). Determine f(d).
-4
Let g(b) = 2*b**2 - 7*b + 5. Suppose -2*a = -4*u + 4, 26 = 5*a - 0*u + 2*u. Calculate g(a).
9
Let h(o) = -o**2 + 6*o - 1. Let a(j) = j**3 - 7*j**2 + j - 7. Let t be a(7). Let v = t + 4. Suppose -v*g - 3*y = 3 - 19, y = g - 4. Give h(g).
7
Let f(p) = p - 1. Let n(d) = d**3 + 6*d**2 + 2. Let x be ((-4)/6)/(6/(-9)). Let y(b) = x*n(b) + 5*f(b). Suppose 0 = r + 4 + 1. Calculate y(r).
-3
Suppose -4*r = -i - 13, -r = 2*i - 3*r + 14. Let p(k) be the first derivative of -k**3/3 - 2*k**2 - 3*k + 2. Determine p(i).
-8
Let k(q) = -65*q + 63*q - 5 - 9. Determine k(-10).
6
Let b(s) be the second derivative of -1/6*s**4 + 1/6*s**3 + 1/2*s**2 + 0 + 4*s. Suppose x - 11 = -4*c, 0 = -3*x - 2*x + 15. Give b(c).
-5
Suppose 2 + 4 = 2*c. Let v be (-2)/c*3/2. Let a(s) = 12*s**2 + 3*s + 7. Let j(b) = 4*b**2 + b + 2. Let t(z) = -2*a(z) + 7*j(z). Calculate t(v).
3
Let n(l) = l - 11. Let p(f) = -4*f + 37. Let x(i) = 7*n(i) + 2*p(i). Let m(w) = -w**2 - 7*w - 3. Let s be m(-5). Give x(s).
-10
Let t(u) = -u**3 + 7*u**2 - 5*u - 2. Suppose 12*l - 3 = 69. What is t(l)?
4
Let v(d) = d**3 - 7*d**2 + 7*d - 2. Let w be (-75)/10*(-12)/5. Suppose -2*i - w = -5*i. Give v(i).
4
Let f(p) = p**2 + 7*p + 5. Suppose -o = -4*o. Suppose 30 = -5*z - o. What is f(z)?
-1
Let g(f) be the first derivative of -1/3*f**3 + 4*f + 1/2*